{"version":"1.0","provider_name":"Casa Rural el Mol\u00ed de Montany\u00e0","provider_url":"https:\/\/www.casaruralelmoli.com\/ca\/","author_name":"cibergueda2024","author_url":"https:\/\/www.casaruralelmoli.com\/ca\/author\/cibergueda2024\/","title":"Galeria - Casa Rural el Mol\u00ed de Montany\u00e0","type":"rich","width":600,"height":338,"html":"<blockquote class=\"wp-embedded-content\" data-secret=\"6aPgmK3YvE\"><a href=\"https:\/\/www.casaruralelmoli.com\/ca\/galeria\/\">Galeria<\/a><\/blockquote><iframe sandbox=\"allow-scripts\" security=\"restricted\" src=\"https:\/\/www.casaruralelmoli.com\/ca\/galeria\/embed\/#?secret=6aPgmK3YvE\" width=\"600\" height=\"338\" title=\"&#8220;Galeria&#8221; &#8212; Casa Rural el Mol\u00ed de Montany\u00e0\" data-secret=\"6aPgmK3YvE\" frameborder=\"0\" marginwidth=\"0\" marginheight=\"0\" scrolling=\"no\" class=\"wp-embedded-content\"><\/iframe><script type=\"text\/javascript\">\n\/* <![CDATA[ *\/\n\/*! This file is auto-generated *\/\n!function(d,l){\"use strict\";l.querySelector&&d.addEventListener&&\"undefined\"!=typeof URL&&(d.wp=d.wp||{},d.wp.receiveEmbedMessage||(d.wp.receiveEmbedMessage=function(e){var t=e.data;if((t||t.secret||t.message||t.value)&&!\/[^a-zA-Z0-9]\/.test(t.secret)){for(var s,r,n,a=l.querySelectorAll('iframe[data-secret=\"'+t.secret+'\"]'),o=l.querySelectorAll('blockquote[data-secret=\"'+t.secret+'\"]'),c=new RegExp(\"^https?:$\",\"i\"),i=0;i<o.length;i++)o[i].style.display=\"none\";for(i=0;i<a.length;i++)s=a[i],e.source===s.contentWindow&&(s.removeAttribute(\"style\"),\"height\"===t.message?(1e3<(r=parseInt(t.value,10))?r=1e3:~~r<200&&(r=200),s.height=r):\"link\"===t.message&&(r=new URL(s.getAttribute(\"src\")),n=new URL(t.value),c.test(n.protocol))&&n.host===r.host&&l.activeElement===s&&(d.top.location.href=t.value))}},d.addEventListener(\"message\",d.wp.receiveEmbedMessage,!1),l.addEventListener(\"DOMContentLoaded\",function(){for(var e,t,s=l.querySelectorAll(\"iframe.wp-embedded-content\"),r=0;r<s.length;r++)(t=(e=s[r]).getAttribute(\"data-secret\"))||(t=Math.random().toString(36).substring(2,12),e.src+=\"#?secret=\"+t,e.setAttribute(\"data-secret\",t)),e.contentWindow.postMessage({message:\"ready\",secret:t},\"*\")},!1)))}(window,document);\n\/\/# sourceURL=https:\/\/www.casaruralelmoli.com\/wp-includes\/js\/wp-embed.min.js\n\/* ]]> *\/\n<\/script>\n","description":"Galeria de fotos Explora la nostra col\u00b7lecci\u00f3 de fotos i comen\u00e7a a planificar la teva propera aventura amb nosaltres. Mol\u00ed de Montany\u00e0 Galeria exteriors: img-07-exterior-casa-moli-de-montanyaimg-09-exterior-casa-moli-de-montanyaimg-05-exterior-casa-moli-de-montanyaimg-06-exterior-casa-moli-de-montanyaimg-11-exterior-casa-moli-de-montanyaimg-10-exterior-casa-moli-de-montanyaimg-02-exterior-casa-moli-de-montanyaimg-03-exterior-casa-moli-de-montanyaimg-01-exterior-casa-moli-de-montanyaimg-00-exterior-casa-moli-de-montanyaimg-04-exterior-casa-moli-de-montanyaimg-08-exterior-casa-moli-de-montanya Galeria interiors: img-01-interior-casa-moli-de-montanyaimg-11-interior-casa-moli-de-montanyaimg-02-interior-casa-moli-de-montanyaimg-10-interior-casa-moli-de-montanyaimg-05-interior-casa-moli-de-montanyaimg-07-interior-casa-moli-de-montanyaimg-08-interior-casa-moli-de-montanyaimg-04-interior-casa-moli-de-montanyaimg-09-interior-casa-moli-de-montanyaimg-06-interior-casa-moli-de-montanyaimg-03-interior-casa-moli-de-montanyaimg-00-interior-casa-moli-de-montanya Galeria de l&#8217;entorn: img-07-entorno-casa-moli-de-montanyaimg-10-entorno-casa-moli-de-montanyaimg-11-entorno-casa-moli-de-montanyaimg-03-entorno-casa-moli-de-montanyaimg-05-entorno-casa-moli-de-montanyaimg-00-entorno-casa-moli-de-montanyaimg-01-entorno-casa-moli-de-montanyaimg-02-entorno-casa-moli-de-montanyaimg-04-entorno-casa-moli-de-montanyaimg-06-entorno-casa-moli-de-montanyaimg-08-entorno-casa-moli-de-montanyaimg-09-entorno-casa-moli-de-montanya Descobriu l&#8217;ess\u00e8ncia de Mol\u00ed de Montany\u00e0 Descansa, relaxa&#8217;t &hellip; Read More","thumbnail_url":"https:\/\/www.casaruralelmoli.com\/wp-content\/uploads\/2024\/05\/img-07-exterior-casa-moli-de-montanya-394x394.jpg"}

Casa Rural el Molí de Montanyà

Galeria - Casa Rural el Molí de Montanyà

<blockquote class="wp-embedded-content" data-secret="6aPgmK3YvE"><a href="https://www.casaruralelmoli.com/ca/galeria/">Galeria</a></blockquote><iframe sandbox="allow-scripts" security="restricted" src="https://www.casaruralelmoli.com/ca/galeria/embed/#?secret=6aPgmK3YvE" width="600" height="338" title="&#8220;Galeria&#8221; &#8212; Casa Rural el Molí de Montanyà" data-secret="6aPgmK3YvE" frameborder="0" marginwidth="0" marginheight="0" scrolling="no" class="wp-embedded-content"></iframe><script type="text/javascript">
/* <![CDATA[ */
/*! This file is auto-generated */
!function(d,l){"use strict";l.querySelector&&d.addEventListener&&"undefined"!=typeof URL&&(d.wp=d.wp||{},d.wp.receiveEmbedMessage||(d.wp.receiveEmbedMessage=function(e){var t=e.data;if((t||t.secret||t.message||t.value)&&!/[^a-zA-Z0-9]/.test(t.secret)){for(var s,r,n,a=l.querySelectorAll('iframe[data-secret="'+t.secret+'"]'),o=l.querySelectorAll('blockquote[data-secret="'+t.secret+'"]'),c=new RegExp("^https?:$","i"),i=0;i<o.length;i++)o[i].style.display="none";for(i=0;i<a.length;i++)s=a[i],e.source===s.contentWindow&&(s.removeAttribute("style"),"height"===t.message?(1e3<(r=parseInt(t.value,10))?r=1e3:~~r<200&&(r=200),s.height=r):"link"===t.message&&(r=new URL(s.getAttribute("src")),n=new URL(t.value),c.test(n.protocol))&&n.host===r.host&&l.activeElement===s&&(d.top.location.href=t.value))}},d.addEventListener("message",d.wp.receiveEmbedMessage,!1),l.addEventListener("DOMContentLoaded",function(){for(var e,t,s=l.querySelectorAll("iframe.wp-embedded-content"),r=0;r<s.length;r++)(t=(e=s[r]).getAttribute("data-secret"))||(t=Math.random().toString(36).substring(2,12),e.src+="#?secret="+t,e.setAttribute("data-secret",t)),e.contentWindow.postMessage({message:"ready",secret:t},"*")},!1)))}(window,document);
//# sourceURL=https://www.casaruralelmoli.com/wp-includes/js/wp-embed.min.js
/* ]]> */
</script>

Galeria de fotos Explora la nostra col·lecció de fotos i comença a planificar la teva propera aventura amb nosaltres. Molí de Montanyà Galeria exteriors: img-07-exterior-casa-moli-de-montanyaimg-09-exterior-casa-moli-de-montanyaimg-05-exterior-casa-moli-de-montanyaimg-06-exterior-casa-moli-de-montanyaimg-11-exterior-casa-moli-de-montanyaimg-10-exterior-casa-moli-de-montanyaimg-02-exterior-casa-moli-de-montanyaimg-03-exterior-casa-moli-de-montanyaimg-01-exterior-casa-moli-de-montanyaimg-00-exterior-casa-moli-de-montanyaimg-04-exterior-casa-moli-de-montanyaimg-08-exterior-casa-moli-de-montanya Galeria interiors: img-01-interior-casa-moli-de-montanyaimg-11-interior-casa-moli-de-montanyaimg-02-interior-casa-moli-de-montanyaimg-10-interior-casa-moli-de-montanyaimg-05-interior-casa-moli-de-montanyaimg-07-interior-casa-moli-de-montanyaimg-08-interior-casa-moli-de-montanyaimg-04-interior-casa-moli-de-montanyaimg-09-interior-casa-moli-de-montanyaimg-06-interior-casa-moli-de-montanyaimg-03-interior-casa-moli-de-montanyaimg-00-interior-casa-moli-de-montanya Galeria de l&#8217;entorn: img-07-entorno-casa-moli-de-montanyaimg-10-entorno-casa-moli-de-montanyaimg-11-entorno-casa-moli-de-montanyaimg-03-entorno-casa-moli-de-montanyaimg-05-entorno-casa-moli-de-montanyaimg-00-entorno-casa-moli-de-montanyaimg-01-entorno-casa-moli-de-montanyaimg-02-entorno-casa-moli-de-montanyaimg-04-entorno-casa-moli-de-montanyaimg-06-entorno-casa-moli-de-montanyaimg-08-entorno-casa-moli-de-montanyaimg-09-entorno-casa-moli-de-montanya Descobriu l&#8217;essència de Molí de Montanyà Descansa, relaxa&#8217;t &hellip; Read More
